, 4*o - 33 = -f*b + 18. Let p(d) = -d**2 + 12*d + 13. What is the tens digit of p(o)?
1
Suppose 0 = -2*y - 21 + 5. Let n(b) = 2*b**2 + 6*b + 24. Let f be n(y). Suppose -2*h + 5*t + 66 = 0, 0 = -4*h - 7*t + 3*t + f. What is the units digit of h?
8
Let v = 595 - 399. What is the tens digit of v?
9
Let j = 2407 + -1419. What is the units digit of j?
8
Suppose 0 = -3*h + 8*h - 150. Suppose 0*s = 5*m + 4*s - 33, 0 = 4*m + 5*s - h. Suppose 2*a = 4*y - 52, a + 44 = m*y - 18. What is the tens digit of y?
1
Let r = -8 + 10. Let i be (-3*(-3 + r))/1. Suppose -3*a + 4*n + 30 = 0, -i*a - 2*n = -3*n - 21. What is the units digit of a?
6
Let o(j) = -j**3 - 9*j**2 + 26*j + 6. Let t be o(-12). Suppose 0 = 4*b - t - 98. What is the units digit of b?
6
Let o be -2*((-2)/(-5))/(28/35). What is the units digit of (2/(-4))/((-5)/230) - o?
4
Suppose -16 = -12*u + 10*u. Suppose -2*w = -4, -5*d + u*d - w - 346 = 0. What is the units digit of d?
6
Let g(j) = -j**2 - 13*j - 10. Let h be g(-12). Suppose 2*q + 11 - 1 = -5*x, 0 = 3*q - h*x - 23. What is the units digit of q?
5
Let s(t) = -t**2 + 17*t - 10. Let r be s(16). Suppose j - 3 + 0 = 4*k, -j + r = -k. What is the units digit of j?
7
Suppose 4*z - 2*t - 147 = 193, 0 = -2*z - 3*t + 178. What is the units digit of z?
6
Suppose 3*k + 3*f = -0*f + 117, 2*f = 3*k - 102. Suppose -3*q + 174 = -k. What is the tens digit of q?
7
Let f(t) = -5077*t - 64. What is the tens digit of f(-1)?
1
Suppose 4*l + 1121 = 3565. What is the tens digit of l?
1
Let v(b) = -2*b**3 + 15*b**2 + 14*b + 33. Let p(o) = 3*o**3 - 22*o**2 - 21*o - 49. Let k(g) = 5*p(g) + 7*v(g). What is the units digit of k(7)?
5
Suppose l - 6 + 1 = 0, -j + 324 = -l. What is the units digit of j?
9
Let g(b) = -60*b**3 + b**2 - 4*b - 6. What is the units digit of g(-2)?
6
Suppose -2*s - 312 = -y + 1018, 5*y - 6650 = -3*s. Suppose -6*k = 4*k - y. What is the tens digit of k?
3
Let y = 334 + -231. What is the tens digit of y?
0
Let i(f) = -22*f. What is the hundreds digit of i(-28)?
6
Suppose 3*b = 10*b - 4543. What is the tens digit of b?
4
Suppose -5*j = -3*h - 1558, -3*h - 2*j = 2*h + 2638. What is the units digit of 35/25 + -1 + h/(-10)?
3
Let j = -14 - -18. Suppose j*m = m. Suppose m*i + 36 = 2*i. What is the tens digit of i?
1
Let y(k) = -21*k - 88. Let b be y(-9). Let w be -1 + (1 + -3)*25. Let r = b + w. What is the units digit of r?
0
Let n be 13 + -18 - (-7)/1. Suppose -3*p = 6 + 9. What is the units digit of p*(129/(-15) - n)?
3
What is the tens digit of 11/22*-35*24/(-14)?
3
Let t = 22 + -14. Let x(n) = 4*n**2 + 5*n**2 + 0 - 4*n - n**3 + 10. What is the tens digit of x(t)?
4
Let o(z) = 3*z**2 + 11*z + 17. Suppose 0 = -4*r - 3*k - 31, 0*k + 17 = -2*r - 3*k. What is the tens digit of o(r)?
8
Let p be 132/(-9)*(-5 + 2). What is the tens digit of 2020/22 - (-8)/p?
9
Let g = 1 - 7. Let i = 17 + g. Suppose i*h - 33 = 10*h. What is the units digit of h?
3
Let x(k) = 51*k + 37. Let q(n) = 76*n + 55. Let w(m) = -5*q(m) + 7*x(m). What is the tens digit of w(-5)?
9
What is the hundreds digit of 5/((-100)/(-12024)) + (-52)/(-65)?
6
Suppose 3*h + 4*t = 4067, 2*h + 5*t + 2742 = 4*h. What is the tens digit of h?
6
Let f = 15 - -26. Suppose 5*h - 9 = 4*c - f, -3*h - 18 = -3*c. Let z = h + 25. What is the units digit of z?
7
Suppose f + 0 - 4 = -2*b, -28 = 3*f - 4*b. Let s = f - -15. Suppose s - 39 = -4*d. What is the units digit of d?
7
Let r(c) = c**3 + 7*c**2 - 3. Let i be r(-4). Suppose i = y - 44. What is the tens digit of y?
8
Suppose 5*k = -2*q + 2662 - 289, q - 1179 = -5*k. What is the tens digit of q?
9
Let h(t) = -t + 8. Let p(u) = -2*u - 15. Let s be p(-11). What is the units digit of h(s)?
1
Let j(y) = -2*y**3 + 34*y**2 + y - 2. What is the tens digit of j(17)?
1
Let w = 227 + -219. Let r(u) be the first derivative of u**4/4 - 8*u**3/3 + 3*u**2 - 9*u + 1. What is the tens digit of r(w)?
3
Let w(t) = -t**3 + 10*t**2 - 7*t - 19. Let b be w(9). What is the tens digit of (26/(-65))/(b/410)?
6
Let j(s) = -s + 11. Let l be j(8). Suppose 0 = -2*g + 3*g + 3, l*g = -5*q + 61. What is the tens digit of q?
1
Let u = 15 - 12. Let p = 2 + u. Suppose 8 = 2*f - 2*b - 6, 55 = p*f - b. What is the units digit of f?
2
Suppose -4*v = -4*c - 1844, -5*v + 0*v - c + 2275 = 0. Let x = 735 - v. What is the tens digit of x?
7
Suppose 0 = 5*w - n - 29, 2*w = -0*w - 5*n - 10. Let c = -94 + 101. Suppose -c*f + 36 = -w*f. What is the units digit of f?
8
Suppose -956 = 35*q - 39*q. What is the tens digit of q?
3
What is the hundreds digit of -6 + 11403/15 + 3/(-15)?
7
Let i(s) = -4*s + 246. What is the units digit of i(37)?
8
What is the hundreds digit of ((-4920)/50)/(1*(-9)/30)?
3
Let j = 7205 + -4981. What is the thousands digit of j?
2
Suppose -12 = -3*n - 2*v, -5*n + 50 = -v + 17. Suppose -1224 = -2*b - n*b. What is the units digit of b?
3
What is the hundreds digit of (-6)/(-5) + (-23276)/(-220)?
1
Suppose 65 = 3*d - 94. Suppose 0 = 2*i - d - 89. What is the tens digit of i?
7
Let m(n) = 3*n**2 + 17*n - 30. What is the units digit of m(-9)?
0
Let l = 1574 + -2519. What is the units digit of (8/(-5))/(7/l)?
6
Suppose -x + 4*w = -211, 2*x - 217 = 2*w + 205. What is the hundreds digit of x?
2
Suppose j - 2*i - 907 = 0, 2*j - 2*i - 2317 + 507 = 0. What is the hundreds digit of j?
9
Let i = 14 - 17. Let r be 2 + 5 + 0 + i. Suppose 6*n - 2 = r. What is the units digit of n?
1
Let m(f) = 129*f - 168. What is the tens digit of m(9)?
9
Suppose 3*c + 3 - 12 = 0. Suppose 2*x - 12 = b, -x + b + 0*b = -7. Suppose -37 = -c*l + 2*l - 4*w, -x*l + 3*w + 93 = 0. What is the units digit of l?
1
Suppose -5*a + 18 = 38. What is the units digit of (2 - -24) + a + 2?
4
Let o(d) = -d**3 - 2*d**2 - 6*d + 1. Let w = 48 + -51. What is the tens digit of o(w)?
2
Let c(q) = q**2 + 1. Let z be c(-2). Suppose -z*v + 163 + 52 = 0. Let w = -26 + v. What is the tens digit of w?
1
Let j(x) = x**3 + 8*x**2 - 3*x - 20. Let u be j(-9). Let y = u + 168. What is the units digit of y?
4
Suppose 0 = 15*q - 22*q + 13048. What is the tens digit of q?
6
Let n = -17 + 26. Suppose 2*b - 5 = -n. What is the tens digit of ((-4)/(-10))/(b/(-80))?
1
What is the tens digit of 8/12*((-692)/(-8) - 1)?
5
Let r(i) = -109*i + 384. What is the units digit of r(-22)?
2
What is the hundreds digit of 12/14*(-5537)/(-7)?
6
Suppose 0*a = 3*a - 456. Suppose -a = 5*x - 32. Let b = -13 - x. What is the units digit of b?
1
Suppose -6*f + 3*f = -4*b + 92, 0 = -5*f - b - 161. Let z be f/(-12) + 2/(-3). Suppose -y - 26 = -z*y. What is the tens digit of y?
2
Let f = -7 - -17. Suppose a - f = 110. Suppose 6*m - m = a. What is the tens digit of m?
2
Suppose -3*u = 4*n - 2431, 4*n = -6*u + u + 2425. What is the hundreds digit of n?
6
Let g be (44/(-3))/(17/(-51)). Suppose -24 = -4*p + g. Suppose 1 - p = -q. What is the tens digit of q?
1
Suppose s - 2*o - 370 - 2054 = 0, 3*o = -3*s + 7254. What is the tens digit of s?
2
Suppose -434 = -5*r + 511. What is the units digit of r?
9
Suppose -3*x + 68 = 23. Let u = x + 80. What is the tens digit of u?
9
Let j = -13 - -16. Let u(r) = -4*r - j - 8 + 3. What is the units digit of u(-8)?
4
Suppose j + 81 = -2*r, -5*r + r = -5*j + 183. Let i = -8 - r. What is the tens digit of i?
3
Suppose 3*m = -m + 2*k + 2366, 2*k = -4*m + 2386. What is the tens digit of m?
9
Let u(o) = 2*o**2 + 7 + 7*o**2 - 5*o**2 - 4*o - 5*o**2. Let m be u(3). Let s = 16 - m. What is the tens digit of s?
3
Suppose 0*c + 11 = 3*q - c, 12 = -4*q - 4*c. Suppose -v = -1, v + 2 + 5 = 2*w. Suppose -1 = w*m + 3*k + 2*k, 4*k = -2*m - q. What is the units digit of m?
1
Suppose -7148 = -27*o - 1532. What is the hundreds digit of o?
2
Let t be 9/15 - (-3 + (-4224)/10). Suppose -t = -9*h + 1257. What is the tens digit of h?
8
Let q be (-35)/(-28) + (3 - (-13)/(-4)). Let s = -6 - -18. Let t = s + q. What is the tens digit of t?
1
Suppose -449 = 5*h - 2*r, 5*h + 2*r + 461 = -0*h. Let b = -38 - h. What is the tens digit of b?
5
Suppose 0 = -8*x - 6*x + 5838. What is the units digit of x?
7
Let m(z) = 20*z**2 - 18*z - 66. What is the thousands digit of m(-13)?
3
Let h(c) = -c**3 + 10*c**2 + 12*c + 24. Let k(v) = v**3 - 9*v**2 - 12*v - 24. Let l(f) = 3*h(f) + 2*k(f). What is the tens digit of l(13)?
1
Suppose 5*k + 5*m = 2*m + 1745, 5*m + 1705 = 5*k. What is th